{"id":9,"date":"2025-01-06T21:12:30","date_gmt":"2025-01-06T21:12:30","guid":{"rendered":"https:\/\/birnzain.at\/farbberatung\/?page_id=9"},"modified":"2025-01-14T04:43:08","modified_gmt":"2025-01-14T04:43:08","slug":"ueber","status":"publish","type":"page","link":"https:\/\/birnzain.at\/farbberatung\/?page_id=9","title":{"rendered":"Liebe Besucherin, lieber Besucher, ein herzliches willkommen!"},"content":{"rendered":"\n<p class=\"has-medium-font-size\"><\/p>\n\n\n\n<div class=\"wp-block-media-text is-stacked-on-mobile is-image-fill-element\" style=\"grid-template-columns:47% auto\"><figure class=\"wp-block-media-text__media\"><img loading=\"lazy\" decoding=\"async\" width=\"768\" height=\"1024\" src=\"https:\/\/birnzain.at\/farbberatung\/wp-content\/uploads\/2025\/01\/469557125_590837606934647_5325201745093152446_n-768x1024.jpg\" alt=\"\" class=\"wp-image-180 size-full\" style=\"object-position:50% 50%\" srcset=\"https:\/\/birnzain.at\/farbberatung\/wp-content\/uploads\/2025\/01\/469557125_590837606934647_5325201745093152446_n-768x1024.jpg 768w, https:\/\/birnzain.at\/farbberatung\/wp-content\/uploads\/2025\/01\/469557125_590837606934647_5325201745093152446_n-225x300.jpg 225w, https:\/\/birnzain.at\/farbberatung\/wp-content\/uploads\/2025\/01\/469557125_590837606934647_5325201745093152446_n-1152x1536.jpg 1152w, https:\/\/birnzain.at\/farbberatung\/wp-content\/uploads\/2025\/01\/469557125_590837606934647_5325201745093152446_n.jpg 1536w\" sizes=\"auto, (max-width: 767px) 89vw, (max-width: 1000px) 54vw, (max-width: 1071px) 543px, 580px\" \/><\/figure><div class=\"wp-block-media-text__content\">\n<p class=\"has-medium-font-size\">Mein Name ist Helga Birnzain. Ich bin Farb-, und Stilberaterin seit 17 Jahren und das noch immer mit gro\u00dfer Begeisterung.<\/p>\n\n\n\n<p class=\"has-medium-font-size\"><br>Ich liebe meine Herbstfarben, bewege mich gern in der freien Natur, bin gl\u00fccklich und dankbar \u00fcber meine jahrelangen, pers\u00f6nlichen professionellen Beratungen, die meinen Kunden den Wow -Effekt gaben und noch geben werden.<\/p>\n<\/div><\/div>\n\n\n\n<p class=\"has-medium-font-size\" style=\"line-height:1.5\"><br>Mir ist es wichtig nat\u00fcrlich und authentisch zu wirken. Meine Ausbidung als diplomierte Farb- und Stilberaterin sowie meine zahlreichen Weiterbildungen st\u00e4rken mich in meinem Tun und geben mir das n\u00f6tige Wissen um auch Sie Ihrem inneren Ich und Ihrer nat\u00fcrlichen Sch\u00f6nheit n\u00e4her zu bringen.<\/p>\n\n\n\n<p class=\"has-medium-font-size\">Darum lautet mein Motto:<\/p>\n\n\n\n<div class=\"wp-block-media-text is-stacked-on-mobile\" style=\"grid-template-columns:37% auto\"><figure class=\"wp-block-media-text__media\"><img loading=\"lazy\" decoding=\"async\" width=\"320\" height=\"281\" src=\"https:\/\/birnzain.at\/farbberatung\/wp-content\/uploads\/2025\/01\/logo.png\" alt=\"\" class=\"wp-image-31 size-full\" srcset=\"https:\/\/birnzain.at\/farbberatung\/wp-content\/uploads\/2025\/01\/logo.png 320w, https:\/\/birnzain.at\/farbberatung\/wp-content\/uploads\/2025\/01\/logo-300x263.png 300w\" sizes=\"auto, (max-width: 320px) 100vw, 320px\" \/><\/figure><div class=\"wp-block-media-text__content\">\n<p class=\"bree-light-header has-large-font-size\">Sich wie ein Schmetterling entfalten<\/p>\n<\/div><\/div>\n\n\n\n<p class=\"has-medium-font-size\"><\/p>\n\n\n\n<p><\/p>\n","protected":false},"excerpt":{"rendered":"<p>Mein Name ist Helga Birnzain. Ich bin Farb-, und Stilberaterin seit 17 Jahren und das noch immer mit gro\u00dfer Begeisterung. Ich liebe meine Herbstfarben, bewege mich gern in der freien Natur, bin gl\u00fccklich und dankbar \u00fcber meine jahrelangen, pers\u00f6nlichen professionellen Beratungen, die meinen Kunden den Wow -Effekt gaben und noch geben werden. Mir ist es &hellip; <\/p>\n<p class=\"link-more\"><a href=\"https:\/\/birnzain.at\/farbberatung\/?page_id=9\" class=\"more-link\"><span class=\"screen-reader-text\">\u201eLiebe Besucherin, lieber Besucher, ein herzliches willkommen!\u201c<\/span> weiterlesen<\/a><\/p>\n","protected":false},"author":1,"featured_media":332,"parent":0,"menu_order":0,"comment_status":"closed","ping_status":"closed","template":"","meta":{"footnotes":""},"class_list":["post-9","page","type-page","status-publish","has-post-thumbnail","hentry"],"_links":{"self":[{"href":"https:\/\/birnzain.at\/farbberatung\/index.php?rest_route=\/wp\/v2\/pages\/9","targetHints":{"allow":["GET"]}}],"collection":[{"href":"https:\/\/birnzain.at\/farbberatung\/index.php?rest_route=\/wp\/v2\/pages"}],"about":[{"href":"https:\/\/birnzain.at\/farbberatung\/index.php?rest_route=\/wp\/v2\/types\/page"}],"author":[{"embeddable":true,"href":"https:\/\/birnzain.at\/farbberatung\/index.php?rest_route=\/wp\/v2\/users\/1"}],"replies":[{"embeddable":true,"href":"https:\/\/birnzain.at\/farbberatung\/index.php?rest_route=%2Fwp%2Fv2%2Fcomments&post=9"}],"version-history":[{"count":17,"href":"https:\/\/birnzain.at\/farbberatung\/index.php?rest_route=\/wp\/v2\/pages\/9\/revisions"}],"predecessor-version":[{"id":334,"href":"https:\/\/birnzain.at\/farbberatung\/index.php?rest_route=\/wp\/v2\/pages\/9\/revisions\/334"}],"wp:featuredmedia":[{"embeddable":true,"href":"https:\/\/birnzain.at\/farbberatung\/index.php?rest_route=\/wp\/v2\/media\/332"}],"wp:attachment":[{"href":"https:\/\/birnzain.at\/farbberatung\/index.php?rest_route=%2Fwp%2Fv2%2Fmedia&parent=9"}],"curies":[{"name":"wp","href":"https:\/\/api.w.org\/{rel}","templated":true}]}}