{"id":55,"date":"2025-01-07T19:39:49","date_gmt":"2025-01-07T19:39:49","guid":{"rendered":"https:\/\/birnzain.at\/farbberatung\/?page_id=55"},"modified":"2025-04-03T19:17:16","modified_gmt":"2025-04-03T19:17:16","slug":"farbberatung","status":"publish","type":"page","link":"https:\/\/birnzain.at\/farbberatung\/?page_id=55","title":{"rendered":"Farbberatung"},"content":{"rendered":"\n<p class=\"has-medium-font-size\">Die Farblehre ist ein wesentliches Element der Modeberatung. Durch die Farbanalyse werden die mit dem Hautkolorit eines Menschen harmonierenden Farben in verschiedene Typen eingeteilt.<\/p>\n\n\n\n<div class=\"wp-block-columns is-layout-flex wp-container-core-columns-is-layout-9d6595d7 wp-block-columns-is-layout-flex\">\n<div class=\"wp-block-column is-layout-flow wp-block-column-is-layout-flow\">\n<figure class=\"wp-block-image size-full\"><img loading=\"lazy\" decoding=\"async\" width=\"768\" height=\"494\" src=\"https:\/\/birnzain.at\/farbberatung\/wp-content\/uploads\/2025\/01\/farbberatung1-768x494-1.jpg\" alt=\"\" class=\"wp-image-254\" srcset=\"https:\/\/birnzain.at\/farbberatung\/wp-content\/uploads\/2025\/01\/farbberatung1-768x494-1.jpg 768w, https:\/\/birnzain.at\/farbberatung\/wp-content\/uploads\/2025\/01\/farbberatung1-768x494-1-300x193.jpg 300w\" sizes=\"auto, (max-width: 767px) 89vw, (max-width: 1000px) 54vw, (max-width: 1071px) 543px, 580px\" \/><\/figure>\n<\/div>\n\n\n\n<div class=\"wp-block-column is-layout-flow wp-block-column-is-layout-flow\">\n<figure class=\"wp-block-image size-full\"><img loading=\"lazy\" decoding=\"async\" width=\"768\" height=\"494\" src=\"https:\/\/birnzain.at\/farbberatung\/wp-content\/uploads\/2025\/01\/farbberatung2-768x494-1.jpg\" alt=\"\" class=\"wp-image-255\" srcset=\"https:\/\/birnzain.at\/farbberatung\/wp-content\/uploads\/2025\/01\/farbberatung2-768x494-1.jpg 768w, https:\/\/birnzain.at\/farbberatung\/wp-content\/uploads\/2025\/01\/farbberatung2-768x494-1-300x193.jpg 300w\" sizes=\"auto, (max-width: 767px) 89vw, (max-width: 1000px) 54vw, (max-width: 1071px) 543px, 580px\" \/><\/figure>\n<\/div>\n\n\n\n<div class=\"wp-block-column is-layout-flow wp-block-column-is-layout-flow\">\n<figure class=\"wp-block-image size-full\"><img loading=\"lazy\" decoding=\"async\" width=\"768\" height=\"494\" src=\"https:\/\/birnzain.at\/farbberatung\/wp-content\/uploads\/2025\/01\/farbberatung3-768x494-1.jpg\" alt=\"\" class=\"wp-image-256\" srcset=\"https:\/\/birnzain.at\/farbberatung\/wp-content\/uploads\/2025\/01\/farbberatung3-768x494-1.jpg 768w, https:\/\/birnzain.at\/farbberatung\/wp-content\/uploads\/2025\/01\/farbberatung3-768x494-1-300x193.jpg 300w\" sizes=\"auto, (max-width: 767px) 89vw, (max-width: 1000px) 54vw, (max-width: 1071px) 543px, 580px\" \/><\/figure>\n<\/div>\n<\/div>\n\n\n\n<p class=\"has-medium-font-size\">Mit Hilfe eines Tageslichtspiegels ermittle ich Ihren Hauttyp und den Hautunterton. Zusammen mit der Augenfarbe und Haarfarbe ergibt sich jener Farbtyp, dessen Farbpalette ideal Ihrem Teint und Ihrer Gesamterscheinung entspricht. Als Resultat erkennen Sie, welche Farben f\u00fcr Sie pers\u00f6nlich ideal tragbar und kombinierbar sind. So k\u00f6nnen Sie gezielt ihre Garderobe aufbauen und die Farbpalette gewinnbringend f\u00fcr sich nutzen. Danach folgt die Anleitung zu einem farb- und typgerechten Make-Up, mit allerlei Tipps und Tricks f\u00fcr den Alltag sowie eine Beratung f\u00fcr Ihre Frisur. Damit Sie in Zukunft beim Einkaufen bestens ger\u00fcstet sind, erhalten Sie einen auf Ihre Farben abgestimmten Farbpass.<\/p>\n\n\n\n<div class=\"wp-block-columns is-layout-flex wp-container-core-columns-is-layout-9d6595d7 wp-block-columns-is-layout-flex\">\n<div class=\"wp-block-column is-layout-flow wp-block-column-is-layout-flow\">\n<h1 class=\"wp-block-heading has-text-align-center has-text-color has-link-color has-medium-font-size wp-elements-7cda8ab705d2ed716ffaf1a47d8003da\" style=\"color:#5a5a5a\"><strong>Im<\/strong> <strong>Garten<\/strong><\/h1>\n\n\n\n<p class=\"has-text-align-center\">Bei Sch\u00f6nwetter haben wir die M\u00f6glichkeit unseren Beratungstermin im Freien durchzuf\u00fchren. Das Tageslicht bietet ideale Verh\u00e4ltnisse und der Garten viel Platz zum Entfalten.<\/p>\n<\/div>\n\n\n\n<div class=\"wp-block-column is-layout-flow wp-block-column-is-layout-flow\">\n<h1 class=\"wp-block-heading has-text-align-center has-text-color has-link-color has-medium-font-size wp-elements-838e38ec27a886bd54d09f249807f602\" style=\"color:#5a5a5a\"><strong>Im Beratungsraum<\/strong><\/h1>\n\n\n\n<p class=\"has-text-align-center\">Hier haben wir neben den Tageslichtlampen alle Werkzeuge zur Farbberatung griffbereit und erarbeiten gemeinsam ihren Farbtyp. Der Raum ist mit moderner Technik ausgestattet und bietet auch die M\u00f6glichkeit f\u00fcr Vortr\u00e4ge im kleinen Rahmen.<\/p>\n<\/div>\n\n\n\n<div class=\"wp-block-column is-layout-flow wp-block-column-is-layout-flow\">\n<h1 class=\"wp-block-heading has-text-align-center has-text-color has-link-color has-medium-font-size wp-elements-4b86b773d799e1edc9a6b6ed2cdda129\" style=\"color:#5a5a5a\"><strong>Bei <\/strong><strong>Ihnen<\/strong><\/h1>\n\n\n\n<p class=\"has-text-align-center\">Viele Kunden m\u00f6chten zu der Farbberatung ihre eigenen Kleidungsst\u00fccken anprobieren. Gerne komme ich mit meinem Farbberatungskoffer zu ihnen und k\u00f6nnen in Ihren 4 W\u00e4nden loslegen.<\/p>\n<\/div>\n<\/div>\n\n\n\n<p class=\"has-text-color has-link-color has-medium-font-size wp-elements-c727e9c9af2d4ab2a73815ff1b4e1fdf\" style=\"color:#5a5a5a\">Die&nbsp;<strong>Farbberatung<\/strong>&nbsp;enth\u00e4lt<\/p>\n\n\n\n<ul class=\"wp-block-list\">\n<li class=\"has-medium-font-size\">Bestimmung des Farbtyps<\/li>\n\n\n\n<li class=\"has-medium-font-size\">Beratung zu der richtigen Wahl der Kleidung, Haarfarbe, Accessoires und Make-ups<\/li>\n\n\n\n<li class=\"has-medium-font-size\">Tipps zu Farbkombinationsm\u00f6glichkeiten<\/li>\n\n\n\n<li class=\"has-medium-font-size\">Selbst-Check: Erkennen Sie die Farben die zu Ihnen passen?<\/li>\n\n\n\n<li class=\"has-medium-font-size\">individuell gestaltete Farbmappe<\/li>\n<\/ul>\n\n\n\n<p class=\"has-text-color has-link-color wp-elements-8d3844c6a7e34ecdde5228f353f46cdd\" style=\"color:#5a5a5a\">Nachtr\u00e4glich k\u00f6nnen Termine zur&nbsp;<strong>Auffrischung der Farbberatung<\/strong>&nbsp;gebucht werden. Dabei kann der Farbtyp nochmals best\u00e4tigt und letzte Unsicherheiten beiseitigt werden.<\/p>\n\n\n\n<div class=\"wp-block-media-text is-stacked-on-mobile\" style=\"grid-template-columns:28% auto\"><figure class=\"wp-block-media-text__media\"><img loading=\"lazy\" decoding=\"async\" width=\"526\" height=\"934\" src=\"https:\/\/birnzain.at\/farbberatung\/wp-content\/uploads\/2025\/01\/Helga.jpg\" alt=\"\" class=\"wp-image-339 size-full\" srcset=\"https:\/\/birnzain.at\/farbberatung\/wp-content\/uploads\/2025\/01\/Helga.jpg 526w, https:\/\/birnzain.at\/farbberatung\/wp-content\/uploads\/2025\/01\/Helga-169x300.jpg 169w\" sizes=\"auto, (max-width: 526px) 100vw, 526px\" \/><\/figure><div class=\"wp-block-media-text__content\">\n<p class=\"has-text-color has-link-color has-medium-font-size wp-elements-7bddf7a2cafae6df6d35dbe8b872c54d\" style=\"color:#5a5a5a\"><strong>Habe ich Ihr Interesse geweckt?<\/strong>&nbsp;<\/p>\n\n\n\n<p class=\"has-medium-font-size\"><a href=\"mailto:farbberatung@birnzain.at\">Schreiben Sie mir&nbsp;<\/a>doch ein Paar Zeilen! Ich freue mich Sie kennen zu lernen und beantworte gerne unverbindlich offene Fragen.&nbsp;<\/p>\n<\/div><\/div>\n\n\n\n<p class=\"has-text-color has-link-color wp-elements-316361182d54a45eb2809a768858ef80\" style=\"color:#5a5a5a\"><\/p>\n\n\n\n<p>Informationen zu den Bildnachweis finden sie <a href=\"https:\/\/birnzain.at\/farbberatung\/?page_id=61\" data-type=\"page\" data-id=\"61\">hier<\/a>.<\/p>\n\n\n\n<hr class=\"wp-block-separator has-alpha-channel-opacity is-style-wide\"\/>\n\n\n\n<p class=\"has-medium-font-size\">Gallerie<\/p>\n\n\n\n<div class=\"wp-block-columns is-layout-flex wp-container-core-columns-is-layout-9d6595d7 wp-block-columns-is-layout-flex\">\n<div class=\"wp-block-column is-layout-flow wp-block-column-is-layout-flow\">\n<figure class=\"wp-block-image size-full wp-duotone-unset-1\"><img loading=\"lazy\" decoding=\"async\" width=\"1698\" height=\"1698\" src=\"https:\/\/birnzain.at\/farbberatung\/wp-content\/uploads\/2025\/01\/DSC_1374-scaled-e1736830131895.jpg\" alt=\"\" class=\"wp-image-336\" srcset=\"https:\/\/birnzain.at\/farbberatung\/wp-content\/uploads\/2025\/01\/DSC_1374-scaled-e1736830131895.jpg 1698w, https:\/\/birnzain.at\/farbberatung\/wp-content\/uploads\/2025\/01\/DSC_1374-scaled-e1736830131895-300x300.jpg 300w, https:\/\/birnzain.at\/farbberatung\/wp-content\/uploads\/2025\/01\/DSC_1374-scaled-e1736830131895-1024x1024.jpg 1024w, https:\/\/birnzain.at\/farbberatung\/wp-content\/uploads\/2025\/01\/DSC_1374-scaled-e1736830131895-150x150.jpg 150w, https:\/\/birnzain.at\/farbberatung\/wp-content\/uploads\/2025\/01\/DSC_1374-scaled-e1736830131895-768x768.jpg 768w, https:\/\/birnzain.at\/farbberatung\/wp-content\/uploads\/2025\/01\/DSC_1374-scaled-e1736830131895-1536x1536.jpg 1536w, https:\/\/birnzain.at\/farbberatung\/wp-content\/uploads\/2025\/01\/DSC_1374-scaled-e1736830131895-100x100.jpg 100w\" sizes=\"auto, (max-width: 767px) 89vw, (max-width: 1000px) 54vw, (max-width: 1071px) 543px, 580px\" \/><\/figure>\n<\/div>\n\n\n\n<div class=\"wp-block-column is-layout-flow wp-block-column-is-layout-flow\">\n<figure class=\"wp-block-image size-full\"><img loading=\"lazy\" decoding=\"async\" width=\"434\" height=\"434\" src=\"https:\/\/birnzain.at\/farbberatung\/wp-content\/uploads\/2025\/01\/472866290_614940764524331_1104484402615073662_n-e1736830204854.jpg\" alt=\"\" class=\"wp-image-337\" srcset=\"https:\/\/birnzain.at\/farbberatung\/wp-content\/uploads\/2025\/01\/472866290_614940764524331_1104484402615073662_n-e1736830204854.jpg 434w, https:\/\/birnzain.at\/farbberatung\/wp-content\/uploads\/2025\/01\/472866290_614940764524331_1104484402615073662_n-e1736830204854-300x300.jpg 300w, https:\/\/birnzain.at\/farbberatung\/wp-content\/uploads\/2025\/01\/472866290_614940764524331_1104484402615073662_n-e1736830204854-150x150.jpg 150w, https:\/\/birnzain.at\/farbberatung\/wp-content\/uploads\/2025\/01\/472866290_614940764524331_1104484402615073662_n-e1736830204854-100x100.jpg 100w\" sizes=\"auto, (max-width: 434px) 100vw, 434px\" \/><\/figure>\n<\/div>\n\n\n\n<div class=\"wp-block-column is-layout-flow wp-block-column-is-layout-flow\">\n<figure class=\"wp-block-image size-full\"><img loading=\"lazy\" decoding=\"async\" width=\"526\" height=\"526\" src=\"https:\/\/birnzain.at\/farbberatung\/wp-content\/uploads\/2025\/01\/Kundin-Josepha-e1736830244313.jpg\" alt=\"\" class=\"wp-image-338\" srcset=\"https:\/\/birnzain.at\/farbberatung\/wp-content\/uploads\/2025\/01\/Kundin-Josepha-e1736830244313.jpg 526w, https:\/\/birnzain.at\/farbberatung\/wp-content\/uploads\/2025\/01\/Kundin-Josepha-e1736830244313-300x300.jpg 300w, https:\/\/birnzain.at\/farbberatung\/wp-content\/uploads\/2025\/01\/Kundin-Josepha-e1736830244313-150x150.jpg 150w, https:\/\/birnzain.at\/farbberatung\/wp-content\/uploads\/2025\/01\/Kundin-Josepha-e1736830244313-100x100.jpg 100w\" sizes=\"auto, (max-width: 526px) 100vw, 526px\" \/><\/figure>\n<\/div>\n<\/div>\n\n\n\n<p><\/p>\n","protected":false},"excerpt":{"rendered":"<p>Die Farblehre ist ein wesentliches Element der Modeberatung. Durch die Farbanalyse werden die mit dem Hautkolorit eines Menschen harmonierenden Farben in verschiedene Typen eingeteilt. Mit Hilfe eines Tageslichtspiegels ermittle ich Ihren Hauttyp und den Hautunterton. Zusammen mit der Augenfarbe und Haarfarbe ergibt sich jener Farbtyp, dessen Farbpalette ideal Ihrem Teint und Ihrer Gesamterscheinung entspricht. Als &hellip; <\/p>\n<p class=\"link-more\"><a href=\"https:\/\/birnzain.at\/farbberatung\/?page_id=55\" class=\"more-link\"><span class=\"screen-reader-text\">\u201eFarbberatung\u201c<\/span> weiterlesen<\/a><\/p>\n","protected":false},"author":1,"featured_media":364,"parent":0,"menu_order":0,"comment_status":"closed","ping_status":"closed","template":"","meta":{"footnotes":""},"class_list":["post-55","page","type-page","status-publish","has-post-thumbnail","hentry"],"_links":{"self":[{"href":"https:\/\/birnzain.at\/farbberatung\/index.php?rest_route=\/wp\/v2\/pages\/55","targetHints":{"allow":["GET"]}}],"collection":[{"href":"https:\/\/birnzain.at\/farbberatung\/index.php?rest_route=\/wp\/v2\/pages"}],"about":[{"href":"https:\/\/birnzain.at\/farbberatung\/index.php?rest_route=\/wp\/v2\/types\/page"}],"author":[{"embeddable":true,"href":"https:\/\/birnzain.at\/farbberatung\/index.php?rest_route=\/wp\/v2\/users\/1"}],"replies":[{"embeddable":true,"href":"https:\/\/birnzain.at\/farbberatung\/index.php?rest_route=%2Fwp%2Fv2%2Fcomments&post=55"}],"version-history":[{"count":14,"href":"https:\/\/birnzain.at\/farbberatung\/index.php?rest_route=\/wp\/v2\/pages\/55\/revisions"}],"predecessor-version":[{"id":429,"href":"https:\/\/birnzain.at\/farbberatung\/index.php?rest_route=\/wp\/v2\/pages\/55\/revisions\/429"}],"wp:featuredmedia":[{"embeddable":true,"href":"https:\/\/birnzain.at\/farbberatung\/index.php?rest_route=\/wp\/v2\/media\/364"}],"wp:attachment":[{"href":"https:\/\/birnzain.at\/farbberatung\/index.php?rest_route=%2Fwp%2Fv2%2Fmedia&parent=55"}],"curies":[{"name":"wp","href":"https:\/\/api.w.org\/{rel}","templated":true}]}}

<p class="has-medium-font-size">Die Farblehre ist ein wesentliches Element der Modeberatung. Durch die Farbanalyse werden die mit dem Hautkolorit eines Menschen harmonierenden Farben in verschiedene Typen eingeteilt.</p>



<div class="wp-block-columns is-layout-flex wp-container-core-columns-is-layout-9d6595d7 wp-block-columns-is-layout-flex">
<div class="wp-block-column is-layout-flow wp-block-column-is-layout-flow">
<figure class="wp-block-image size-full"><img loading="lazy" decoding="async" width="768" height="494" src="https://birnzain.at/farbberatung/wp-content/uploads/2025/01/farbberatung1-768x494-1.jpg" alt="" class="wp-image-254" srcset="https://birnzain.at/farbberatung/wp-content/uploads/2025/01/farbberatung1-768x494-1.jpg 768w, https://birnzain.at/farbberatung/wp-content/uploads/2025/01/farbberatung1-768x494-1-300x193.jpg 300w" sizes="auto, (max-width: 767px) 89vw, (max-width: 1000px) 54vw, (max-width: 1071px) 543px, 580px" /></figure>
</div>



<div class="wp-block-column is-layout-flow wp-block-column-is-layout-flow">
<figure class="wp-block-image size-full"><img loading="lazy" decoding="async" width="768" height="494" src="https://birnzain.at/farbberatung/wp-content/uploads/2025/01/farbberatung2-768x494-1.jpg" alt="" class="wp-image-255" srcset="https://birnzain.at/farbberatung/wp-content/uploads/2025/01/farbberatung2-768x494-1.jpg 768w, https://birnzain.at/farbberatung/wp-content/uploads/2025/01/farbberatung2-768x494-1-300x193.jpg 300w" sizes="auto, (max-width: 767px) 89vw, (max-width: 1000px) 54vw, (max-width: 1071px) 543px, 580px" /></figure>
</div>



<div class="wp-block-column is-layout-flow wp-block-column-is-layout-flow">
<figure class="wp-block-image size-full"><img loading="lazy" decoding="async" width="768" height="494" src="https://birnzain.at/farbberatung/wp-content/uploads/2025/01/farbberatung3-768x494-1.jpg" alt="" class="wp-image-256" srcset="https://birnzain.at/farbberatung/wp-content/uploads/2025/01/farbberatung3-768x494-1.jpg 768w, https://birnzain.at/farbberatung/wp-content/uploads/2025/01/farbberatung3-768x494-1-300x193.jpg 300w" sizes="auto, (max-width: 767px) 89vw, (max-width: 1000px) 54vw, (max-width: 1071px) 543px, 580px" /></figure>
</div>
</div>



<p class="has-medium-font-size">Mit Hilfe eines Tageslichtspiegels ermittle ich Ihren Hauttyp und den Hautunterton. Zusammen mit der Augenfarbe und Haarfarbe ergibt sich jener Farbtyp, dessen Farbpalette ideal Ihrem Teint und Ihrer Gesamterscheinung entspricht. Als Resultat erkennen Sie, welche Farben für Sie persönlich ideal tragbar und kombinierbar sind. So können Sie gezielt ihre Garderobe aufbauen und die Farbpalette gewinnbringend für sich nutzen. Danach folgt die Anleitung zu einem farb- und typgerechten Make-Up, mit allerlei Tipps und Tricks für den Alltag sowie eine Beratung für Ihre Frisur. Damit Sie in Zukunft beim Einkaufen bestens gerüstet sind, erhalten Sie einen auf Ihre Farben abgestimmten Farbpass.</p>



<div class="wp-block-columns is-layout-flex wp-container-core-columns-is-layout-9d6595d7 wp-block-columns-is-layout-flex">
<div class="wp-block-column is-layout-flow wp-block-column-is-layout-flow">
<h1 class="wp-block-heading has-text-align-center has-text-color has-link-color has-medium-font-size wp-elements-7cda8ab705d2ed716ffaf1a47d8003da" style="color:#5a5a5a"><strong>Im</strong> <strong>Garten</strong></h1>



<p class="has-text-align-center">Bei Schönwetter haben wir die Möglichkeit unseren Beratungstermin im Freien durchzuführen. Das Tageslicht bietet ideale Verhältnisse und der Garten viel Platz zum Entfalten.</p>
</div>



<div class="wp-block-column is-layout-flow wp-block-column-is-layout-flow">
<h1 class="wp-block-heading has-text-align-center has-text-color has-link-color has-medium-font-size wp-elements-838e38ec27a886bd54d09f249807f602" style="color:#5a5a5a"><strong>Im Beratungsraum</strong></h1>



<p class="has-text-align-center">Hier haben wir neben den Tageslichtlampen alle Werkzeuge zur Farbberatung griffbereit und erarbeiten gemeinsam ihren Farbtyp. Der Raum ist mit moderner Technik ausgestattet und bietet auch die Möglichkeit für Vorträge im kleinen Rahmen.</p>
</div>



<div class="wp-block-column is-layout-flow wp-block-column-is-layout-flow">
<h1 class="wp-block-heading has-text-align-center has-text-color has-link-color has-medium-font-size wp-elements-4b86b773d799e1edc9a6b6ed2cdda129" style="color:#5a5a5a"><strong>Bei </strong><strong>Ihnen</strong></h1>



<p class="has-text-align-center">Viele Kunden möchten zu der Farbberatung ihre eigenen Kleidungsstücken anprobieren. Gerne komme ich mit meinem Farbberatungskoffer zu ihnen und können in Ihren 4 Wänden loslegen.</p>
</div>
</div>



<p class="has-text-color has-link-color has-medium-font-size wp-elements-c727e9c9af2d4ab2a73815ff1b4e1fdf" style="color:#5a5a5a">Die&nbsp;<strong>Farbberatung</strong>&nbsp;enthält</p>



<ul class="wp-block-list">
<li class="has-medium-font-size">Bestimmung des Farbtyps</li>



<li class="has-medium-font-size">Beratung zu der richtigen Wahl der Kleidung, Haarfarbe, Accessoires und Make-ups</li>



<li class="has-medium-font-size">Tipps zu Farbkombinationsmöglichkeiten</li>



<li class="has-medium-font-size">Selbst-Check: Erkennen Sie die Farben die zu Ihnen passen?</li>



<li class="has-medium-font-size">individuell gestaltete Farbmappe</li>
</ul>



<p class="has-text-color has-link-color wp-elements-8d3844c6a7e34ecdde5228f353f46cdd" style="color:#5a5a5a">Nachträglich können Termine zur&nbsp;<strong>Auffrischung der Farbberatung</strong>&nbsp;gebucht werden. Dabei kann der Farbtyp nochmals bestätigt und letzte Unsicherheiten beiseitigt werden.</p>



<div class="wp-block-media-text is-stacked-on-mobile" style="grid-template-columns:28% auto"><figure class="wp-block-media-text__media"><img loading="lazy" decoding="async" width="526" height="934" src="https://birnzain.at/farbberatung/wp-content/uploads/2025/01/Helga.jpg" alt="" class="wp-image-339 size-full" srcset="https://birnzain.at/farbberatung/wp-content/uploads/2025/01/Helga.jpg 526w, https://birnzain.at/farbberatung/wp-content/uploads/2025/01/Helga-169x300.jpg 169w" sizes="auto, (max-width: 526px) 100vw, 526px" /></figure><div class="wp-block-media-text__content">
<p class="has-text-color has-link-color has-medium-font-size wp-elements-7bddf7a2cafae6df6d35dbe8b872c54d" style="color:#5a5a5a"><strong>Habe ich Ihr Interesse geweckt?</strong>&nbsp;</p>



<p class="has-medium-font-size"><a href="mailto:farbberatung@birnzain.at">Schreiben Sie mir&nbsp;</a>doch ein Paar Zeilen! Ich freue mich Sie kennen zu lernen und beantworte gerne unverbindlich offene Fragen.&nbsp;</p>
</div></div>



<p class="has-text-color has-link-color wp-elements-316361182d54a45eb2809a768858ef80" style="color:#5a5a5a"></p>



<p>Informationen zu den Bildnachweis finden sie <a href="https://birnzain.at/farbberatung/?page_id=61" data-type="page" data-id="61">hier</a>.</p>



<hr class="wp-block-separator has-alpha-channel-opacity is-style-wide"/>



<p class="has-medium-font-size">Gallerie</p>



<div class="wp-block-columns is-layout-flex wp-container-core-columns-is-layout-9d6595d7 wp-block-columns-is-layout-flex">
<div class="wp-block-column is-layout-flow wp-block-column-is-layout-flow">
<figure class="wp-block-image size-full wp-duotone-unset-1"><img loading="lazy" decoding="async" width="1698" height="1698" src="https://birnzain.at/farbberatung/wp-content/uploads/2025/01/DSC_1374-scaled-e1736830131895.jpg" alt="" class="wp-image-336" srcset="https://birnzain.at/farbberatung/wp-content/uploads/2025/01/DSC_1374-scaled-e1736830131895.jpg 1698w, https://birnzain.at/farbberatung/wp-content/uploads/2025/01/DSC_1374-scaled-e1736830131895-300x300.jpg 300w, https://birnzain.at/farbberatung/wp-content/uploads/2025/01/DSC_1374-scaled-e1736830131895-1024x1024.jpg 1024w, https://birnzain.at/farbberatung/wp-content/uploads/2025/01/DSC_1374-scaled-e1736830131895-150x150.jpg 150w, https://birnzain.at/farbberatung/wp-content/uploads/2025/01/DSC_1374-scaled-e1736830131895-768x768.jpg 768w, https://birnzain.at/farbberatung/wp-content/uploads/2025/01/DSC_1374-scaled-e1736830131895-1536x1536.jpg 1536w, https://birnzain.at/farbberatung/wp-content/uploads/2025/01/DSC_1374-scaled-e1736830131895-100x100.jpg 100w" sizes="auto, (max-width: 767px) 89vw, (max-width: 1000px) 54vw, (max-width: 1071px) 543px, 580px" /></figure>
</div>



<div class="wp-block-column is-layout-flow wp-block-column-is-layout-flow">
<figure class="wp-block-image size-full"><img loading="lazy" decoding="async" width="434" height="434" src="https://birnzain.at/farbberatung/wp-content/uploads/2025/01/472866290_614940764524331_1104484402615073662_n-e1736830204854.jpg" alt="" class="wp-image-337" srcset="https://birnzain.at/farbberatung/wp-content/uploads/2025/01/472866290_614940764524331_1104484402615073662_n-e1736830204854.jpg 434w, https://birnzain.at/farbberatung/wp-content/uploads/2025/01/472866290_614940764524331_1104484402615073662_n-e1736830204854-300x300.jpg 300w, https://birnzain.at/farbberatung/wp-content/uploads/2025/01/472866290_614940764524331_1104484402615073662_n-e1736830204854-150x150.jpg 150w, https://birnzain.at/farbberatung/wp-content/uploads/2025/01/472866290_614940764524331_1104484402615073662_n-e1736830204854-100x100.jpg 100w" sizes="auto, (max-width: 434px) 100vw, 434px" /></figure>
</div>



<div class="wp-block-column is-layout-flow wp-block-column-is-layout-flow">
<figure class="wp-block-image size-full"><img loading="lazy" decoding="async" width="526" height="526" src="https://birnzain.at/farbberatung/wp-content/uploads/2025/01/Kundin-Josepha-e1736830244313.jpg" alt="" class="wp-image-338" srcset="https://birnzain.at/farbberatung/wp-content/uploads/2025/01/Kundin-Josepha-e1736830244313.jpg 526w, https://birnzain.at/farbberatung/wp-content/uploads/2025/01/Kundin-Josepha-e1736830244313-300x300.jpg 300w, https://birnzain.at/farbberatung/wp-content/uploads/2025/01/Kundin-Josepha-e1736830244313-150x150.jpg 150w, https://birnzain.at/farbberatung/wp-content/uploads/2025/01/Kundin-Josepha-e1736830244313-100x100.jpg 100w" sizes="auto, (max-width: 526px) 100vw, 526px" /></figure>
</div>
</div>



<p></p>
