{"id":314,"date":"2025-01-11T17:47:37","date_gmt":"2025-01-11T17:47:37","guid":{"rendered":"https:\/\/birnzain.at\/farbberatung\/?page_id=314"},"modified":"2025-01-17T17:56:37","modified_gmt":"2025-01-17T17:56:37","slug":"farbpass","status":"publish","type":"page","link":"https:\/\/birnzain.at\/farbberatung\/?page_id=314","title":{"rendered":"Farbpass \u2013 Dein praktischer Begleiter f\u00fcr Farbberatung und Eink\u00e4ufe"},"content":{"rendered":"\n<p class=\"has-medium-font-size\">Mit einem Farbpass oder Farbf\u00e4cher mit Stoffmustern kannst du Kleidung und Accessoires ganz einfach passend zu deinem Farbtyp ausw\u00e4hlen. Halte den Farbf\u00e4cher m\u00f6glichst bei Tageslicht an Kleidungsst\u00fccke, um die Farben direkt zu vergleichen. Auf der R\u00fcckseite findest du hilfreiche Informationen wie Farbbezeichnungen, Tipps zu Haarfarben, Make-up, Brillen- und Schmuckfarben, passend zu deinem Farbtyp.<\/p>\n\n\n\n<h2 class=\"wp-block-heading has-medium-font-size\"><strong>Farbpass f\u00fcr alle Farbtypen: Fr\u00fchling, Sommer, Herbst oder Winter<\/strong><\/h2>\n\n\n\n<div class=\"wp-block-media-text has-media-on-the-right is-stacked-on-mobile\"><div class=\"wp-block-media-text__content\">\n<p><strong>Hilfreiche Tipps<\/strong>: Auf der R\u00fcckseite findest du Farbbezeichnungen sowie Empfehlungen f\u00fcr Haarfarben, Make-up, Brillen und Schmuck.<\/p>\n\n\n\n<p><strong>Farbpass  f\u00fcr Ihren Typ<\/strong>: Handgefertigter Farbf\u00e4cher mit 28 Stoffstreifen inklusive Schutzh\u00fclle.<\/p>\n\n\n\n<p><strong>Kompakter Begleiter f\u00fcr unterwegs<\/strong>: Der Farbpass ist ca. 8 x 15 cm gro\u00df und passt in jede Handtasche \u2013 ideal zum Shoppen. Er enth\u00e4lt 28 hochwertige Stoffstreifen, darunter auch gemusterte Stoffe. Dank der stabilen Schutzh\u00fclle ist er bestens vor Abnutzung gesch\u00fctzt.<\/p>\n<\/div><figure class=\"wp-block-media-text__media\"><img loading=\"lazy\" decoding=\"async\" width=\"785\" height=\"1024\" src=\"https:\/\/birnzain.at\/farbberatung\/wp-content\/uploads\/2025\/01\/signal-2025-01-12-142322_006-e1737136580172-785x1024.jpeg\" alt=\"\" class=\"wp-image-385 size-full\" srcset=\"https:\/\/birnzain.at\/farbberatung\/wp-content\/uploads\/2025\/01\/signal-2025-01-12-142322_006-e1737136580172-785x1024.jpeg 785w, https:\/\/birnzain.at\/farbberatung\/wp-content\/uploads\/2025\/01\/signal-2025-01-12-142322_006-e1737136580172-230x300.jpeg 230w, https:\/\/birnzain.at\/farbberatung\/wp-content\/uploads\/2025\/01\/signal-2025-01-12-142322_006-e1737136580172-768x1002.jpeg 768w, https:\/\/birnzain.at\/farbberatung\/wp-content\/uploads\/2025\/01\/signal-2025-01-12-142322_006-e1737136580172.jpeg 1032w\" sizes=\"auto, (max-width: 767px) 89vw, (max-width: 1000px) 54vw, (max-width: 1071px) 543px, 580px\" \/><\/figure><\/div>\n\n\n\n<div class=\"wp-block-media-text is-stacked-on-mobile\" style=\"grid-template-columns:28% auto\"><figure class=\"wp-block-media-text__media\"><img loading=\"lazy\" decoding=\"async\" width=\"526\" height=\"934\" src=\"https:\/\/birnzain.at\/farbberatung\/wp-content\/uploads\/2025\/01\/Helga.jpg\" alt=\"\" class=\"wp-image-339 size-full\" srcset=\"https:\/\/birnzain.at\/farbberatung\/wp-content\/uploads\/2025\/01\/Helga.jpg 526w, https:\/\/birnzain.at\/farbberatung\/wp-content\/uploads\/2025\/01\/Helga-169x300.jpg 169w\" sizes=\"auto, (max-width: 526px) 100vw, 526px\" \/><\/figure><div class=\"wp-block-media-text__content\">\n<p class=\"has-text-color has-link-color has-medium-font-size wp-elements-7bddf7a2cafae6df6d35dbe8b872c54d\" style=\"color:#5a5a5a\"><strong>Habe ich Ihr Interesse geweckt?<\/strong>&nbsp;<\/p>\n\n\n\n<p class=\"has-medium-font-size\"><a href=\"mailto:farbberatung@birnzain.at\">Schreiben Sie mir&nbsp;<\/a>doch ein Paar Zeilen! Ich freue mich Sie kennen zu lernen und beantworte gerne unverbindlich offene Fragen.&nbsp;<\/p>\n<\/div><\/div>\n","protected":false},"excerpt":{"rendered":"<p>Mit einem Farbpass oder Farbf\u00e4cher mit Stoffmustern kannst du Kleidung und Accessoires ganz einfach passend zu deinem Farbtyp ausw\u00e4hlen. Halte den Farbf\u00e4cher m\u00f6glichst bei Tageslicht an Kleidungsst\u00fccke, um die Farben direkt zu vergleichen. Auf der R\u00fcckseite findest du hilfreiche Informationen wie Farbbezeichnungen, Tipps zu Haarfarben, Make-up, Brillen- und Schmuckfarben, passend zu deinem Farbtyp. Farbpass f\u00fcr &hellip; <\/p>\n<p class=\"link-more\"><a href=\"https:\/\/birnzain.at\/farbberatung\/?page_id=314\" class=\"more-link\"><span class=\"screen-reader-text\">\u201eFarbpass \u2013 Dein praktischer Begleiter f\u00fcr Farbberatung und Eink\u00e4ufe\u201c<\/span> weiterlesen<\/a><\/p>\n","protected":false},"author":1,"featured_media":351,"parent":0,"menu_order":0,"comment_status":"closed","ping_status":"closed","template":"","meta":{"footnotes":""},"class_list":["post-314","page","type-page","status-publish","has-post-thumbnail","hentry"],"_links":{"self":[{"href":"https:\/\/birnzain.at\/farbberatung\/index.php?rest_route=\/wp\/v2\/pages\/314","targetHints":{"allow":["GET"]}}],"collection":[{"href":"https:\/\/birnzain.at\/farbberatung\/index.php?rest_route=\/wp\/v2\/pages"}],"about":[{"href":"https:\/\/birnzain.at\/farbberatung\/index.php?rest_route=\/wp\/v2\/types\/page"}],"author":[{"embeddable":true,"href":"https:\/\/birnzain.at\/farbberatung\/index.php?rest_route=\/wp\/v2\/users\/1"}],"replies":[{"embeddable":true,"href":"https:\/\/birnzain.at\/farbberatung\/index.php?rest_route=%2Fwp%2Fv2%2Fcomments&post=314"}],"version-history":[{"count":5,"href":"https:\/\/birnzain.at\/farbberatung\/index.php?rest_route=\/wp\/v2\/pages\/314\/revisions"}],"predecessor-version":[{"id":387,"href":"https:\/\/birnzain.at\/farbberatung\/index.php?rest_route=\/wp\/v2\/pages\/314\/revisions\/387"}],"wp:featuredmedia":[{"embeddable":true,"href":"https:\/\/birnzain.at\/farbberatung\/index.php?rest_route=\/wp\/v2\/media\/351"}],"wp:attachment":[{"href":"https:\/\/birnzain.at\/farbberatung\/index.php?rest_route=%2Fwp%2Fv2%2Fmedia&parent=314"}],"curies":[{"name":"wp","href":"https:\/\/api.w.org\/{rel}","templated":true}]}}