{"id":312,"date":"2025-01-11T17:47:09","date_gmt":"2025-01-11T17:47:09","guid":{"rendered":"https:\/\/birnzain.at\/farbberatung\/?page_id=312"},"modified":"2025-04-03T19:15:52","modified_gmt":"2025-04-03T19:15:52","slug":"kleiderschrank","status":"publish","type":"page","link":"https:\/\/birnzain.at\/farbberatung\/?page_id=312","title":{"rendered":"Kleiderschrank"},"content":{"rendered":"\n<p class=\"has-text-color has-link-color wp-elements-1e3bf09ca168c5c8c288326250c345c1\" style=\"color:#5a5a5a;font-size:22px\"><strong>hr Kleiderschrank erz\u00e4hlt Geschichten.<\/strong><br><\/p>\n\n\n\n<p class=\"has-medium-font-size\">Von fr\u00fcheren Lebensphasen. Von besonderen Momenten.<br>Von Dingen, die einmal gepasst haben \u2013 und vielleicht nicht mehr tun.<\/p>\n\n\n\n<p class=\"has-medium-font-size\">Was darf bleiben?<br>Was f\u00fchlt sich noch nach Ihnen an \u2013 und was nicht mehr?<\/p>\n\n\n\n<p class=\"has-medium-font-size\">Ich unterst\u00fctze Sie dabei, Ordnung zu schaffen.<br>Mit Blick f\u00fcr Farben, Schnitte und das, was Sie ausstrahlen m\u00f6chten.<\/p>\n\n\n\n<p class=\"has-medium-font-size\">Ohne Druck. Mit Respekt vor dem, was da ist \u2013<br>und einem klaren Gef\u00fchl f\u00fcr das, was jetzt zu Ihnen passt.<\/p>\n\n\n\n<p class=\"has-text-color has-link-color has-medium-font-size wp-elements-a1162d6db4b5c0472f31d9ae568848e3\" style=\"color:#5a5a5a\"><strong>Und falls da noch das eine St\u00fcck h\u00e4ngt,<\/strong><br>das Sie eigentlich nie tragen, aber irgendwie m\u00f6gen:<br>Wir reden dr\u00fcber. Versprochen. <\/p>\n\n\n\n<div class=\"wp-block-media-text is-stacked-on-mobile\" style=\"grid-template-columns:28% auto\"><figure class=\"wp-block-media-text__media\"><img loading=\"lazy\" decoding=\"async\" width=\"526\" height=\"934\" src=\"https:\/\/birnzain.at\/farbberatung\/wp-content\/uploads\/2025\/01\/Helga.jpg\" alt=\"\" class=\"wp-image-339 size-full\" srcset=\"https:\/\/birnzain.at\/farbberatung\/wp-content\/uploads\/2025\/01\/Helga.jpg 526w, https:\/\/birnzain.at\/farbberatung\/wp-content\/uploads\/2025\/01\/Helga-169x300.jpg 169w\" sizes=\"auto, (max-width: 526px) 100vw, 526px\" \/><\/figure><div class=\"wp-block-media-text__content\">\n<p class=\"has-text-color has-link-color has-medium-font-size wp-elements-7bddf7a2cafae6df6d35dbe8b872c54d\" style=\"color:#5a5a5a\"><strong>Habe ich Ihr Interesse geweckt?<\/strong>&nbsp;<\/p>\n\n\n\n<p class=\"has-medium-font-size\"><a href=\"mailto:farbberatung@birnzain.at\">Schreiben Sie mir&nbsp;<\/a>doch ein Paar Zeilen! Ich freue mich Sie kennen zu lernen und beantworte gerne unverbindlich offene Fragen.&nbsp;<\/p>\n<\/div><\/div>\n","protected":false},"excerpt":{"rendered":"<p>hr Kleiderschrank erz\u00e4hlt Geschichten. Von fr\u00fcheren Lebensphasen. Von besonderen Momenten.Von Dingen, die einmal gepasst haben \u2013 und vielleicht nicht mehr tun. Was darf bleiben?Was f\u00fchlt sich noch nach Ihnen an \u2013 und was nicht mehr? Ich unterst\u00fctze Sie dabei, Ordnung zu schaffen.Mit Blick f\u00fcr Farben, Schnitte und das, was Sie ausstrahlen m\u00f6chten. Ohne Druck. Mit &hellip; <\/p>\n<p class=\"link-more\"><a href=\"https:\/\/birnzain.at\/farbberatung\/?page_id=312\" class=\"more-link\"><span class=\"screen-reader-text\">\u201eKleiderschrank\u201c<\/span> weiterlesen<\/a><\/p>\n","protected":false},"author":1,"featured_media":372,"parent":0,"menu_order":0,"comment_status":"closed","ping_status":"closed","template":"","meta":{"footnotes":""},"class_list":["post-312","page","type-page","status-publish","has-post-thumbnail","hentry"],"_links":{"self":[{"href":"https:\/\/birnzain.at\/farbberatung\/index.php?rest_route=\/wp\/v2\/pages\/312","targetHints":{"allow":["GET"]}}],"collection":[{"href":"https:\/\/birnzain.at\/farbberatung\/index.php?rest_route=\/wp\/v2\/pages"}],"about":[{"href":"https:\/\/birnzain.at\/farbberatung\/index.php?rest_route=\/wp\/v2\/types\/page"}],"author":[{"embeddable":true,"href":"https:\/\/birnzain.at\/farbberatung\/index.php?rest_route=\/wp\/v2\/users\/1"}],"replies":[{"embeddable":true,"href":"https:\/\/birnzain.at\/farbberatung\/index.php?rest_route=%2Fwp%2Fv2%2Fcomments&post=312"}],"version-history":[{"count":8,"href":"https:\/\/birnzain.at\/farbberatung\/index.php?rest_route=\/wp\/v2\/pages\/312\/revisions"}],"predecessor-version":[{"id":428,"href":"https:\/\/birnzain.at\/farbberatung\/index.php?rest_route=\/wp\/v2\/pages\/312\/revisions\/428"}],"wp:featuredmedia":[{"embeddable":true,"href":"https:\/\/birnzain.at\/farbberatung\/index.php?rest_route=\/wp\/v2\/media\/372"}],"wp:attachment":[{"href":"https:\/\/birnzain.at\/farbberatung\/index.php?rest_route=%2Fwp%2Fv2%2Fmedia&parent=312"}],"curies":[{"name":"wp","href":"https:\/\/api.w.org\/{rel}","templated":true}]}}

<p class="has-text-color has-link-color wp-elements-1e3bf09ca168c5c8c288326250c345c1" style="color:#5a5a5a;font-size:22px"><strong>hr Kleiderschrank erzählt Geschichten.</strong><br></p>



<p class="has-medium-font-size">Von früheren Lebensphasen. Von besonderen Momenten.<br>Von Dingen, die einmal gepasst haben – und vielleicht nicht mehr tun.</p>



<p class="has-medium-font-size">Was darf bleiben?<br>Was fühlt sich noch nach Ihnen an – und was nicht mehr?</p>



<p class="has-medium-font-size">Ich unterstütze Sie dabei, Ordnung zu schaffen.<br>Mit Blick für Farben, Schnitte und das, was Sie ausstrahlen möchten.</p>



<p class="has-medium-font-size">Ohne Druck. Mit Respekt vor dem, was da ist –<br>und einem klaren Gefühl für das, was jetzt zu Ihnen passt.</p>



<p class="has-text-color has-link-color has-medium-font-size wp-elements-a1162d6db4b5c0472f31d9ae568848e3" style="color:#5a5a5a"><strong>Und falls da noch das eine Stück hängt,</strong><br>das Sie eigentlich nie tragen, aber irgendwie mögen:<br>Wir reden drüber. Versprochen. </p>



<div class="wp-block-media-text is-stacked-on-mobile" style="grid-template-columns:28% auto"><figure class="wp-block-media-text__media"><img loading="lazy" decoding="async" width="526" height="934" src="https://birnzain.at/farbberatung/wp-content/uploads/2025/01/Helga.jpg" alt="" class="wp-image-339 size-full" srcset="https://birnzain.at/farbberatung/wp-content/uploads/2025/01/Helga.jpg 526w, https://birnzain.at/farbberatung/wp-content/uploads/2025/01/Helga-169x300.jpg 169w" sizes="auto, (max-width: 526px) 100vw, 526px" /></figure><div class="wp-block-media-text__content">
<p class="has-text-color has-link-color has-medium-font-size wp-elements-7bddf7a2cafae6df6d35dbe8b872c54d" style="color:#5a5a5a"><strong>Habe ich Ihr Interesse geweckt?</strong>&nbsp;</p>



<p class="has-medium-font-size"><a href="mailto:farbberatung@birnzain.at">Schreiben Sie mir&nbsp;</a>doch ein Paar Zeilen! Ich freue mich Sie kennen zu lernen und beantworte gerne unverbindlich offene Fragen.&nbsp;</p>
</div></div>

<p>hr Kleiderschrank erzählt Geschichten. Von früheren Lebensphasen. Von besonderen Momenten.Von Dingen, die einmal gepasst haben – und vielleicht nicht mehr tun. Was darf bleiben?Was fühlt sich noch nach Ihnen an – und was nicht mehr? Ich unterstütze Sie dabei, Ordnung zu schaffen.Mit Blick für Farben, Schnitte und das, was Sie ausstrahlen möchten. Ohne Druck. Mit &hellip; </p>
<p class="link-more"><a href="https://birnzain.at/farbberatung/?page_id=312" class="more-link"><span class="screen-reader-text">„Kleiderschrank“</span> weiterlesen</a></p>
