{"id":310,"date":"2025-01-11T17:46:34","date_gmt":"2025-01-11T17:46:34","guid":{"rendered":"https:\/\/birnzain.at\/farbberatung\/?page_id=310"},"modified":"2025-01-18T11:16:57","modified_gmt":"2025-01-18T11:16:57","slug":"einkaufsbegleitung","status":"publish","type":"page","link":"https:\/\/birnzain.at\/farbberatung\/?page_id=310","title":{"rendered":"Einkaufsbegleitung"},"content":{"rendered":"\n<p class=\"has-medium-font-size\">Aufbauend auf die ganzheitliche Farb- &#038; Stilberatung, begleite ich Sie gerne beim Einkauf Ihrer neuen Garderobe. Hierbei unterst\u00fctze ich Sie bei ihren Wohlf\u00fchl-Kleidung bez\u00fcglich Farbe, Schnitt und Stilrichtung.<\/p>\n\n\n\n<div class=\"wp-block-media-text has-media-on-the-right is-stacked-on-mobile\" style=\"grid-template-columns:auto 52%\"><div class=\"wp-block-media-text__content\">\n<p class=\"has-text-align-left has-medium-font-size\">Selbstverst\u00e4ndlich begleite ich Sie auch beim Shoppen f\u00fcr spezielle Anl\u00e4sse wie den Wiedereinstieg in den Job, Hochzeiten oder B\u00e4lle. <\/p>\n\n\n\n<p class=\"has-text-align-left has-medium-font-size\">Jede Einkaufsbegleitung ist eine einzigartige Reise \u2013 mit kleinen Herausforderungen, sch\u00f6nen Entdeckungen und zu guter Letzt ein mehr als zufriedenstellendes Ergebnis.<\/p>\n<\/div><figure class=\"wp-block-media-text__media\"><img loading=\"lazy\" decoding=\"async\" width=\"768\" height=\"847\" src=\"https:\/\/birnzain.at\/farbberatung\/wp-content\/uploads\/2025\/01\/signal-2025-01-12-142052_004-e1737199002475.jpeg\" alt=\"\" class=\"wp-image-389 size-full\" srcset=\"https:\/\/birnzain.at\/farbberatung\/wp-content\/uploads\/2025\/01\/signal-2025-01-12-142052_004-e1737199002475.jpeg 768w, https:\/\/birnzain.at\/farbberatung\/wp-content\/uploads\/2025\/01\/signal-2025-01-12-142052_004-e1737199002475-272x300.jpeg 272w\" sizes=\"auto, (max-width: 767px) 89vw, (max-width: 1000px) 54vw, (max-width: 1071px) 543px, 580px\" \/><\/figure><\/div>\n\n\n\n<div class=\"wp-block-media-text is-stacked-on-mobile\" style=\"grid-template-columns:26% auto\"><figure class=\"wp-block-media-text__media\"><img loading=\"lazy\" decoding=\"async\" width=\"320\" height=\"281\" src=\"https:\/\/birnzain.at\/farbberatung\/wp-content\/uploads\/2025\/01\/logo.png\" alt=\"\" class=\"wp-image-31 size-full\" srcset=\"https:\/\/birnzain.at\/farbberatung\/wp-content\/uploads\/2025\/01\/logo.png 320w, https:\/\/birnzain.at\/farbberatung\/wp-content\/uploads\/2025\/01\/logo-300x263.png 300w\" sizes=\"auto, (max-width: 320px) 100vw, 320px\" \/><\/figure><div class=\"wp-block-media-text__content\">\n<p class=\".bree-light-header has-medium-font-size\">Mit gute Laune und stressfrei begleite ich Sie gerne.<\/p>\n<\/div><\/div>\n\n\n\n<div class=\"wp-block-media-text is-stacked-on-mobile\" style=\"grid-template-columns:28% auto\"><figure class=\"wp-block-media-text__media\"><img loading=\"lazy\" decoding=\"async\" width=\"526\" height=\"934\" src=\"https:\/\/birnzain.at\/farbberatung\/wp-content\/uploads\/2025\/01\/Helga.jpg\" alt=\"\" class=\"wp-image-339 size-full\" srcset=\"https:\/\/birnzain.at\/farbberatung\/wp-content\/uploads\/2025\/01\/Helga.jpg 526w, https:\/\/birnzain.at\/farbberatung\/wp-content\/uploads\/2025\/01\/Helga-169x300.jpg 169w\" sizes=\"auto, (max-width: 526px) 100vw, 526px\" \/><\/figure><div class=\"wp-block-media-text__content\">\n<p class=\"has-text-color has-link-color has-medium-font-size wp-elements-7bddf7a2cafae6df6d35dbe8b872c54d\" style=\"color:#5a5a5a\"><strong>Habe ich Ihr Interesse geweckt?<\/strong>&nbsp;<\/p>\n\n\n\n<p class=\"has-medium-font-size\"><a href=\"mailto:farbberatung@birnzain.at\">Schreiben Sie mir&nbsp;<\/a>doch ein Paar Zeilen! Ich freue mich Sie kennen zu lernen und beantworte gerne unverbindlich offene Fragen.&nbsp;<\/p>\n<\/div><\/div>\n","protected":false},"excerpt":{"rendered":"<p>Aufbauend auf die ganzheitliche Farb- &#038; Stilberatung, begleite ich Sie gerne beim Einkauf Ihrer neuen Garderobe. Hierbei unterst\u00fctze ich Sie bei ihren Wohlf\u00fchl-Kleidung bez\u00fcglich Farbe, Schnitt und Stilrichtung. Selbstverst\u00e4ndlich begleite ich Sie auch beim Shoppen f\u00fcr spezielle Anl\u00e4sse wie den Wiedereinstieg in den Job, Hochzeiten oder B\u00e4lle. Jede Einkaufsbegleitung ist eine einzigartige Reise \u2013 mit &hellip; <\/p>\n<p class=\"link-more\"><a href=\"https:\/\/birnzain.at\/farbberatung\/?page_id=310\" class=\"more-link\"><span class=\"screen-reader-text\">\u201eEinkaufsbegleitung\u201c<\/span> weiterlesen<\/a><\/p>\n","protected":false},"author":1,"featured_media":357,"parent":0,"menu_order":0,"comment_status":"closed","ping_status":"closed","template":"","meta":{"footnotes":""},"class_list":["post-310","page","type-page","status-publish","has-post-thumbnail","hentry"],"_links":{"self":[{"href":"https:\/\/birnzain.at\/farbberatung\/index.php?rest_route=\/wp\/v2\/pages\/310","targetHints":{"allow":["GET"]}}],"collection":[{"href":"https:\/\/birnzain.at\/farbberatung\/index.php?rest_route=\/wp\/v2\/pages"}],"about":[{"href":"https:\/\/birnzain.at\/farbberatung\/index.php?rest_route=\/wp\/v2\/types\/page"}],"author":[{"embeddable":true,"href":"https:\/\/birnzain.at\/farbberatung\/index.php?rest_route=\/wp\/v2\/users\/1"}],"replies":[{"embeddable":true,"href":"https:\/\/birnzain.at\/farbberatung\/index.php?rest_route=%2Fwp%2Fv2%2Fcomments&post=310"}],"version-history":[{"count":8,"href":"https:\/\/birnzain.at\/farbberatung\/index.php?rest_route=\/wp\/v2\/pages\/310\/revisions"}],"predecessor-version":[{"id":404,"href":"https:\/\/birnzain.at\/farbberatung\/index.php?rest_route=\/wp\/v2\/pages\/310\/revisions\/404"}],"wp:featuredmedia":[{"embeddable":true,"href":"https:\/\/birnzain.at\/farbberatung\/index.php?rest_route=\/wp\/v2\/media\/357"}],"wp:attachment":[{"href":"https:\/\/birnzain.at\/farbberatung\/index.php?rest_route=%2Fwp%2Fv2%2Fmedia&parent=310"}],"curies":[{"name":"wp","href":"https:\/\/api.w.org\/{rel}","templated":true}]}}

<p class="has-medium-font-size">Aufbauend auf die ganzheitliche Farb- &#038; Stilberatung, begleite ich Sie gerne beim Einkauf Ihrer neuen Garderobe. Hierbei unterstütze ich Sie bei ihren Wohlfühl-Kleidung bezüglich Farbe, Schnitt und Stilrichtung.</p>



<div class="wp-block-media-text has-media-on-the-right is-stacked-on-mobile" style="grid-template-columns:auto 52%"><div class="wp-block-media-text__content">
<p class="has-text-align-left has-medium-font-size">Selbstverständlich begleite ich Sie auch beim Shoppen für spezielle Anlässe wie den Wiedereinstieg in den Job, Hochzeiten oder Bälle. </p>



<p class="has-text-align-left has-medium-font-size">Jede Einkaufsbegleitung ist eine einzigartige Reise – mit kleinen Herausforderungen, schönen Entdeckungen und zu guter Letzt ein mehr als zufriedenstellendes Ergebnis.</p>
</div><figure class="wp-block-media-text__media"><img loading="lazy" decoding="async" width="768" height="847" src="https://birnzain.at/farbberatung/wp-content/uploads/2025/01/signal-2025-01-12-142052_004-e1737199002475.jpeg" alt="" class="wp-image-389 size-full" srcset="https://birnzain.at/farbberatung/wp-content/uploads/2025/01/signal-2025-01-12-142052_004-e1737199002475.jpeg 768w, https://birnzain.at/farbberatung/wp-content/uploads/2025/01/signal-2025-01-12-142052_004-e1737199002475-272x300.jpeg 272w" sizes="auto, (max-width: 767px) 89vw, (max-width: 1000px) 54vw, (max-width: 1071px) 543px, 580px" /></figure></div>



<div class="wp-block-media-text is-stacked-on-mobile" style="grid-template-columns:26% auto"><figure class="wp-block-media-text__media"><img loading="lazy" decoding="async" width="320" height="281" src="https://birnzain.at/farbberatung/wp-content/uploads/2025/01/logo.png" alt="" class="wp-image-31 size-full" srcset="https://birnzain.at/farbberatung/wp-content/uploads/2025/01/logo.png 320w, https://birnzain.at/farbberatung/wp-content/uploads/2025/01/logo-300x263.png 300w" sizes="auto, (max-width: 320px) 100vw, 320px" /></figure><div class="wp-block-media-text__content">
<p class=".bree-light-header has-medium-font-size">Mit gute Laune und stressfrei begleite ich Sie gerne.</p>
</div></div>



<div class="wp-block-media-text is-stacked-on-mobile" style="grid-template-columns:28% auto"><figure class="wp-block-media-text__media"><img loading="lazy" decoding="async" width="526" height="934" src="https://birnzain.at/farbberatung/wp-content/uploads/2025/01/Helga.jpg" alt="" class="wp-image-339 size-full" srcset="https://birnzain.at/farbberatung/wp-content/uploads/2025/01/Helga.jpg 526w, https://birnzain.at/farbberatung/wp-content/uploads/2025/01/Helga-169x300.jpg 169w" sizes="auto, (max-width: 526px) 100vw, 526px" /></figure><div class="wp-block-media-text__content">
<p class="has-text-color has-link-color has-medium-font-size wp-elements-7bddf7a2cafae6df6d35dbe8b872c54d" style="color:#5a5a5a"><strong>Habe ich Ihr Interesse geweckt?</strong>&nbsp;</p>



<p class="has-medium-font-size"><a href="mailto:farbberatung@birnzain.at">Schreiben Sie mir&nbsp;</a>doch ein Paar Zeilen! Ich freue mich Sie kennen zu lernen und beantworte gerne unverbindlich offene Fragen.&nbsp;</p>
</div></div>

<p>Aufbauend auf die ganzheitliche Farb- &#038; Stilberatung, begleite ich Sie gerne beim Einkauf Ihrer neuen Garderobe. Hierbei unterstütze ich Sie bei ihren Wohlfühl-Kleidung bezüglich Farbe, Schnitt und Stilrichtung. Selbstverständlich begleite ich Sie auch beim Shoppen für spezielle Anlässe wie den Wiedereinstieg in den Job, Hochzeiten oder Bälle. Jede Einkaufsbegleitung ist eine einzigartige Reise – mit &hellip; </p>
<p class="link-more"><a href="https://birnzain.at/farbberatung/?page_id=310" class="more-link"><span class="screen-reader-text">„Einkaufsbegleitung“</span> weiterlesen</a></p>
