{"id":287,"date":"2025-01-11T17:05:38","date_gmt":"2025-01-11T17:05:38","guid":{"rendered":"https:\/\/birnzain.at\/farbberatung\/?page_id=287"},"modified":"2025-01-14T05:31:06","modified_gmt":"2025-01-14T05:31:06","slug":"die-richtige-brille-muss-nicht-nur-sitzen-sondern-auch-passen","status":"publish","type":"page","link":"https:\/\/birnzain.at\/farbberatung\/?page_id=287","title":{"rendered":"Die richtige Brille muss nicht nur sitzen, sondern auch passen"},"content":{"rendered":"\n<div class=\"wp-block-columns is-layout-flex wp-container-core-columns-is-layout-9d6595d7 wp-block-columns-is-layout-flex\">\n<div class=\"wp-block-column is-layout-flow wp-block-column-is-layout-flow\">\n<figure class=\"wp-block-image size-full\"><img loading=\"lazy\" decoding=\"async\" width=\"768\" height=\"485\" src=\"https:\/\/birnzain.at\/farbberatung\/wp-content\/uploads\/2025\/01\/brillenberatung3-768x485-1.jpg\" alt=\"\" class=\"wp-image-291\" srcset=\"https:\/\/birnzain.at\/farbberatung\/wp-content\/uploads\/2025\/01\/brillenberatung3-768x485-1.jpg 768w, https:\/\/birnzain.at\/farbberatung\/wp-content\/uploads\/2025\/01\/brillenberatung3-768x485-1-300x189.jpg 300w\" sizes=\"auto, (max-width: 767px) 89vw, (max-width: 1000px) 54vw, (max-width: 1071px) 543px, 580px\" \/><\/figure>\n<\/div>\n\n\n\n<div class=\"wp-block-column is-layout-flow wp-block-column-is-layout-flow\">\n<figure class=\"wp-block-image size-full\"><img loading=\"lazy\" decoding=\"async\" width=\"768\" height=\"485\" src=\"https:\/\/birnzain.at\/farbberatung\/wp-content\/uploads\/2025\/01\/brillenberatung1-768x485-1.jpg\" alt=\"\" class=\"wp-image-289\" srcset=\"https:\/\/birnzain.at\/farbberatung\/wp-content\/uploads\/2025\/01\/brillenberatung1-768x485-1.jpg 768w, https:\/\/birnzain.at\/farbberatung\/wp-content\/uploads\/2025\/01\/brillenberatung1-768x485-1-300x189.jpg 300w\" sizes=\"auto, (max-width: 767px) 89vw, (max-width: 1000px) 54vw, (max-width: 1071px) 543px, 580px\" \/><\/figure>\n<\/div>\n\n\n\n<div class=\"wp-block-column is-layout-flow wp-block-column-is-layout-flow\">\n<figure class=\"wp-block-image size-full\"><img loading=\"lazy\" decoding=\"async\" width=\"768\" height=\"485\" src=\"https:\/\/birnzain.at\/farbberatung\/wp-content\/uploads\/2025\/01\/brillenberatung2-768x485-1.jpg\" alt=\"\" class=\"wp-image-290\" srcset=\"https:\/\/birnzain.at\/farbberatung\/wp-content\/uploads\/2025\/01\/brillenberatung2-768x485-1.jpg 768w, https:\/\/birnzain.at\/farbberatung\/wp-content\/uploads\/2025\/01\/brillenberatung2-768x485-1-300x189.jpg 300w\" sizes=\"auto, (max-width: 767px) 89vw, (max-width: 1000px) 54vw, (max-width: 1071px) 543px, 580px\" \/><\/figure>\n<\/div>\n<\/div>\n\n\n\n<p class=\"has-medium-font-size\">Ich helfe ihnen gerne, f\u00fcr sie ganz pers\u00f6nlich: Fassung, Farbe, B\u00fcgel, Form. Diese Gesichtsformen k\u00f6nnen bei der Auswahl Ihrer Brille helfen.<\/p>\n\n\n\n<div class=\"wp-block-columns is-layout-flex wp-container-core-columns-is-layout-9d6595d7 wp-block-columns-is-layout-flex\">\n<div class=\"wp-block-column is-layout-flow wp-block-column-is-layout-flow\">\n<figure class=\"wp-block-image size-full is-style-rounded green\"><img loading=\"lazy\" decoding=\"async\" width=\"172\" height=\"172\" src=\"https:\/\/birnzain.at\/farbberatung\/wp-content\/uploads\/2025\/01\/cirlce-round.png\" alt=\"\" class=\"wp-image-301\" srcset=\"https:\/\/birnzain.at\/farbberatung\/wp-content\/uploads\/2025\/01\/cirlce-round.png 172w, https:\/\/birnzain.at\/farbberatung\/wp-content\/uploads\/2025\/01\/cirlce-round-150x150.png 150w, https:\/\/birnzain.at\/farbberatung\/wp-content\/uploads\/2025\/01\/cirlce-round-100x100.png 100w\" sizes=\"auto, (max-width: 172px) 100vw, 172px\" \/><\/figure>\n\n\n\n<h1 class=\"wp-block-heading has-text-align-center has-text-color has-link-color wp-elements-1cb69c710fd26768c78c2c0001700e92\" style=\"color:#5a5a5a;font-size:24px\"><strong>Rund<\/strong><\/h1>\n<\/div>\n\n\n\n<div class=\"wp-block-column is-layout-flow wp-block-column-is-layout-flow\">\n<figure class=\"wp-block-image size-full\"><img loading=\"lazy\" decoding=\"async\" width=\"172\" height=\"172\" src=\"https:\/\/birnzain.at\/farbberatung\/wp-content\/uploads\/2025\/01\/cirlce-rect.png\" alt=\"\" class=\"wp-image-300\" srcset=\"https:\/\/birnzain.at\/farbberatung\/wp-content\/uploads\/2025\/01\/cirlce-rect.png 172w, https:\/\/birnzain.at\/farbberatung\/wp-content\/uploads\/2025\/01\/cirlce-rect-150x150.png 150w, https:\/\/birnzain.at\/farbberatung\/wp-content\/uploads\/2025\/01\/cirlce-rect-100x100.png 100w\" sizes=\"auto, (max-width: 172px) 100vw, 172px\" \/><\/figure>\n\n\n\n<h1 class=\"wp-block-heading has-text-align-center has-text-color has-link-color wp-elements-d3f1260b03c74f393460f388d1e1a02b\" style=\"color:#5a5a5a;font-size:24px\"><strong>Eckig<\/strong><\/h1>\n<\/div>\n\n\n\n<div class=\"wp-block-column is-layout-flow wp-block-column-is-layout-flow\">\n<figure class=\"wp-block-image size-full\"><img loading=\"lazy\" decoding=\"async\" width=\"172\" height=\"172\" src=\"https:\/\/birnzain.at\/farbberatung\/wp-content\/uploads\/2025\/01\/cirlce-heart.png\" alt=\"\" class=\"wp-image-299\" srcset=\"https:\/\/birnzain.at\/farbberatung\/wp-content\/uploads\/2025\/01\/cirlce-heart.png 172w, https:\/\/birnzain.at\/farbberatung\/wp-content\/uploads\/2025\/01\/cirlce-heart-150x150.png 150w, https:\/\/birnzain.at\/farbberatung\/wp-content\/uploads\/2025\/01\/cirlce-heart-100x100.png 100w\" sizes=\"auto, (max-width: 172px) 100vw, 172px\" \/><\/figure>\n\n\n\n<h1 class=\"wp-block-heading has-text-align-center has-text-color has-link-color wp-elements-38c2399533bb21abba98d3b562a6174f\" style=\"color:#5a5a5a;font-size:24px\"><strong>Herzf\u00f6rmig<\/strong><\/h1>\n<\/div>\n\n\n\n<div class=\"wp-block-column is-layout-flow wp-block-column-is-layout-flow\">\n<figure class=\"wp-block-image size-full\"><img loading=\"lazy\" decoding=\"async\" width=\"172\" height=\"172\" src=\"https:\/\/birnzain.at\/farbberatung\/wp-content\/uploads\/2025\/01\/circle-oval.png\" alt=\"\" class=\"wp-image-298\" srcset=\"https:\/\/birnzain.at\/farbberatung\/wp-content\/uploads\/2025\/01\/circle-oval.png 172w, https:\/\/birnzain.at\/farbberatung\/wp-content\/uploads\/2025\/01\/circle-oval-150x150.png 150w, https:\/\/birnzain.at\/farbberatung\/wp-content\/uploads\/2025\/01\/circle-oval-100x100.png 100w\" sizes=\"auto, (max-width: 172px) 100vw, 172px\" \/><\/figure>\n\n\n\n<h1 class=\"wp-block-heading has-text-align-center has-text-color has-link-color wp-elements-67b4efcdb0c7774d2eabb321efadc7f5\" style=\"color:#5a5a5a;font-size:24px\"><strong>Oval<\/strong><\/h1>\n<\/div>\n<\/div>\n\n\n\n<p class=\"has-medium-font-size\">Dabei lehnen wir uns an der Gesichtsform an, sie ist aber keinesfalls entscheidend. Mit einer Vorauswahl werde ich Sie davon \u00fcberzeugen, dass die Lesehilfe zum Schmuckst\u00fcck wird, das Ihnen auf alle F\u00e4lle zum Gesicht steht.<\/p>\n\n\n\n<div class=\"wp-block-media-text is-stacked-on-mobile\" style=\"grid-template-columns:28% auto\"><figure class=\"wp-block-media-text__media\"><img loading=\"lazy\" decoding=\"async\" width=\"526\" height=\"934\" src=\"https:\/\/birnzain.at\/farbberatung\/wp-content\/uploads\/2025\/01\/Helga.jpg\" alt=\"\" class=\"wp-image-339 size-full\" srcset=\"https:\/\/birnzain.at\/farbberatung\/wp-content\/uploads\/2025\/01\/Helga.jpg 526w, https:\/\/birnzain.at\/farbberatung\/wp-content\/uploads\/2025\/01\/Helga-169x300.jpg 169w\" sizes=\"auto, (max-width: 526px) 100vw, 526px\" \/><\/figure><div class=\"wp-block-media-text__content\">\n<p class=\"has-text-color has-link-color has-medium-font-size wp-elements-7bddf7a2cafae6df6d35dbe8b872c54d\" style=\"color:#5a5a5a\"><strong>Habe ich Ihr Interesse geweckt?<\/strong>&nbsp;<\/p>\n\n\n\n<p class=\"has-medium-font-size\"><a href=\"mailto:farbberatung@birnzain.at\">Schreiben Sie mir&nbsp;<\/a>doch ein Paar Zeilen! Ich freue mich Sie kennen zu lernen und beantworte gerne unverbindlich offene Fragen.&nbsp;<\/p>\n<\/div><\/div>\n\n\n\n<p class=\"has-medium-font-size\"><\/p>\n\n\n\n<p><\/p>\n","protected":false},"excerpt":{"rendered":"<p>Ich helfe ihnen gerne, f\u00fcr sie ganz pers\u00f6nlich: Fassung, Farbe, B\u00fcgel, Form. Diese Gesichtsformen k\u00f6nnen bei der Auswahl Ihrer Brille helfen. Rund Eckig Herzf\u00f6rmig Oval Dabei lehnen wir uns an der Gesichtsform an, sie ist aber keinesfalls entscheidend. Mit einer Vorauswahl werde ich Sie davon \u00fcberzeugen, dass die Lesehilfe zum Schmuckst\u00fcck wird, das Ihnen auf &hellip; <\/p>\n<p class=\"link-more\"><a href=\"https:\/\/birnzain.at\/farbberatung\/?page_id=287\" class=\"more-link\"><span class=\"screen-reader-text\">\u201eDie richtige Brille muss nicht nur sitzen, sondern auch passen\u201c<\/span> weiterlesen<\/a><\/p>\n","protected":false},"author":1,"featured_media":369,"parent":0,"menu_order":0,"comment_status":"closed","ping_status":"closed","template":"","meta":{"footnotes":""},"class_list":["post-287","page","type-page","status-publish","has-post-thumbnail","hentry"],"_links":{"self":[{"href":"https:\/\/birnzain.at\/farbberatung\/index.php?rest_route=\/wp\/v2\/pages\/287","targetHints":{"allow":["GET"]}}],"collection":[{"href":"https:\/\/birnzain.at\/farbberatung\/index.php?rest_route=\/wp\/v2\/pages"}],"about":[{"href":"https:\/\/birnzain.at\/farbberatung\/index.php?rest_route=\/wp\/v2\/types\/page"}],"author":[{"embeddable":true,"href":"https:\/\/birnzain.at\/farbberatung\/index.php?rest_route=\/wp\/v2\/users\/1"}],"replies":[{"embeddable":true,"href":"https:\/\/birnzain.at\/farbberatung\/index.php?rest_route=%2Fwp%2Fv2%2Fcomments&post=287"}],"version-history":[{"count":7,"href":"https:\/\/birnzain.at\/farbberatung\/index.php?rest_route=\/wp\/v2\/pages\/287\/revisions"}],"predecessor-version":[{"id":361,"href":"https:\/\/birnzain.at\/farbberatung\/index.php?rest_route=\/wp\/v2\/pages\/287\/revisions\/361"}],"wp:featuredmedia":[{"embeddable":true,"href":"https:\/\/birnzain.at\/farbberatung\/index.php?rest_route=\/wp\/v2\/media\/369"}],"wp:attachment":[{"href":"https:\/\/birnzain.at\/farbberatung\/index.php?rest_route=%2Fwp%2Fv2%2Fmedia&parent=287"}],"curies":[{"name":"wp","href":"https:\/\/api.w.org\/{rel}","templated":true}]}}

<div class="wp-block-columns is-layout-flex wp-container-core-columns-is-layout-9d6595d7 wp-block-columns-is-layout-flex">
<div class="wp-block-column is-layout-flow wp-block-column-is-layout-flow">
<figure class="wp-block-image size-full"><img loading="lazy" decoding="async" width="768" height="485" src="https://birnzain.at/farbberatung/wp-content/uploads/2025/01/brillenberatung3-768x485-1.jpg" alt="" class="wp-image-291" srcset="https://birnzain.at/farbberatung/wp-content/uploads/2025/01/brillenberatung3-768x485-1.jpg 768w, https://birnzain.at/farbberatung/wp-content/uploads/2025/01/brillenberatung3-768x485-1-300x189.jpg 300w" sizes="auto, (max-width: 767px) 89vw, (max-width: 1000px) 54vw, (max-width: 1071px) 543px, 580px" /></figure>
</div>



<div class="wp-block-column is-layout-flow wp-block-column-is-layout-flow">
<figure class="wp-block-image size-full"><img loading="lazy" decoding="async" width="768" height="485" src="https://birnzain.at/farbberatung/wp-content/uploads/2025/01/brillenberatung1-768x485-1.jpg" alt="" class="wp-image-289" srcset="https://birnzain.at/farbberatung/wp-content/uploads/2025/01/brillenberatung1-768x485-1.jpg 768w, https://birnzain.at/farbberatung/wp-content/uploads/2025/01/brillenberatung1-768x485-1-300x189.jpg 300w" sizes="auto, (max-width: 767px) 89vw, (max-width: 1000px) 54vw, (max-width: 1071px) 543px, 580px" /></figure>
</div>



<div class="wp-block-column is-layout-flow wp-block-column-is-layout-flow">
<figure class="wp-block-image size-full"><img loading="lazy" decoding="async" width="768" height="485" src="https://birnzain.at/farbberatung/wp-content/uploads/2025/01/brillenberatung2-768x485-1.jpg" alt="" class="wp-image-290" srcset="https://birnzain.at/farbberatung/wp-content/uploads/2025/01/brillenberatung2-768x485-1.jpg 768w, https://birnzain.at/farbberatung/wp-content/uploads/2025/01/brillenberatung2-768x485-1-300x189.jpg 300w" sizes="auto, (max-width: 767px) 89vw, (max-width: 1000px) 54vw, (max-width: 1071px) 543px, 580px" /></figure>
</div>
</div>



<p class="has-medium-font-size">Ich helfe ihnen gerne, für sie ganz persönlich: Fassung, Farbe, Bügel, Form. Diese Gesichtsformen können bei der Auswahl Ihrer Brille helfen.</p>



<div class="wp-block-columns is-layout-flex wp-container-core-columns-is-layout-9d6595d7 wp-block-columns-is-layout-flex">
<div class="wp-block-column is-layout-flow wp-block-column-is-layout-flow">
<figure class="wp-block-image size-full is-style-rounded green"><img loading="lazy" decoding="async" width="172" height="172" src="https://birnzain.at/farbberatung/wp-content/uploads/2025/01/cirlce-round.png" alt="" class="wp-image-301" srcset="https://birnzain.at/farbberatung/wp-content/uploads/2025/01/cirlce-round.png 172w, https://birnzain.at/farbberatung/wp-content/uploads/2025/01/cirlce-round-150x150.png 150w, https://birnzain.at/farbberatung/wp-content/uploads/2025/01/cirlce-round-100x100.png 100w" sizes="auto, (max-width: 172px) 100vw, 172px" /></figure>



<h1 class="wp-block-heading has-text-align-center has-text-color has-link-color wp-elements-1cb69c710fd26768c78c2c0001700e92" style="color:#5a5a5a;font-size:24px"><strong>Rund</strong></h1>
</div>



<div class="wp-block-column is-layout-flow wp-block-column-is-layout-flow">
<figure class="wp-block-image size-full"><img loading="lazy" decoding="async" width="172" height="172" src="https://birnzain.at/farbberatung/wp-content/uploads/2025/01/cirlce-rect.png" alt="" class="wp-image-300" srcset="https://birnzain.at/farbberatung/wp-content/uploads/2025/01/cirlce-rect.png 172w, https://birnzain.at/farbberatung/wp-content/uploads/2025/01/cirlce-rect-150x150.png 150w, https://birnzain.at/farbberatung/wp-content/uploads/2025/01/cirlce-rect-100x100.png 100w" sizes="auto, (max-width: 172px) 100vw, 172px" /></figure>



<h1 class="wp-block-heading has-text-align-center has-text-color has-link-color wp-elements-d3f1260b03c74f393460f388d1e1a02b" style="color:#5a5a5a;font-size:24px"><strong>Eckig</strong></h1>
</div>



<div class="wp-block-column is-layout-flow wp-block-column-is-layout-flow">
<figure class="wp-block-image size-full"><img loading="lazy" decoding="async" width="172" height="172" src="https://birnzain.at/farbberatung/wp-content/uploads/2025/01/cirlce-heart.png" alt="" class="wp-image-299" srcset="https://birnzain.at/farbberatung/wp-content/uploads/2025/01/cirlce-heart.png 172w, https://birnzain.at/farbberatung/wp-content/uploads/2025/01/cirlce-heart-150x150.png 150w, https://birnzain.at/farbberatung/wp-content/uploads/2025/01/cirlce-heart-100x100.png 100w" sizes="auto, (max-width: 172px) 100vw, 172px" /></figure>



<h1 class="wp-block-heading has-text-align-center has-text-color has-link-color wp-elements-38c2399533bb21abba98d3b562a6174f" style="color:#5a5a5a;font-size:24px"><strong>Herzförmig</strong></h1>
</div>



<div class="wp-block-column is-layout-flow wp-block-column-is-layout-flow">
<figure class="wp-block-image size-full"><img loading="lazy" decoding="async" width="172" height="172" src="https://birnzain.at/farbberatung/wp-content/uploads/2025/01/circle-oval.png" alt="" class="wp-image-298" srcset="https://birnzain.at/farbberatung/wp-content/uploads/2025/01/circle-oval.png 172w, https://birnzain.at/farbberatung/wp-content/uploads/2025/01/circle-oval-150x150.png 150w, https://birnzain.at/farbberatung/wp-content/uploads/2025/01/circle-oval-100x100.png 100w" sizes="auto, (max-width: 172px) 100vw, 172px" /></figure>



<h1 class="wp-block-heading has-text-align-center has-text-color has-link-color wp-elements-67b4efcdb0c7774d2eabb321efadc7f5" style="color:#5a5a5a;font-size:24px"><strong>Oval</strong></h1>
</div>
</div>



<p class="has-medium-font-size">Dabei lehnen wir uns an der Gesichtsform an, sie ist aber keinesfalls entscheidend. Mit einer Vorauswahl werde ich Sie davon überzeugen, dass die Lesehilfe zum Schmuckstück wird, das Ihnen auf alle Fälle zum Gesicht steht.</p>



<div class="wp-block-media-text is-stacked-on-mobile" style="grid-template-columns:28% auto"><figure class="wp-block-media-text__media"><img loading="lazy" decoding="async" width="526" height="934" src="https://birnzain.at/farbberatung/wp-content/uploads/2025/01/Helga.jpg" alt="" class="wp-image-339 size-full" srcset="https://birnzain.at/farbberatung/wp-content/uploads/2025/01/Helga.jpg 526w, https://birnzain.at/farbberatung/wp-content/uploads/2025/01/Helga-169x300.jpg 169w" sizes="auto, (max-width: 526px) 100vw, 526px" /></figure><div class="wp-block-media-text__content">
<p class="has-text-color has-link-color has-medium-font-size wp-elements-7bddf7a2cafae6df6d35dbe8b872c54d" style="color:#5a5a5a"><strong>Habe ich Ihr Interesse geweckt?</strong>&nbsp;</p>



<p class="has-medium-font-size"><a href="mailto:farbberatung@birnzain.at">Schreiben Sie mir&nbsp;</a>doch ein Paar Zeilen! Ich freue mich Sie kennen zu lernen und beantworte gerne unverbindlich offene Fragen.&nbsp;</p>
</div></div>



<p class="has-medium-font-size"></p>



<p></p>

<p>Ich helfe ihnen gerne, für sie ganz persönlich: Fassung, Farbe, Bügel, Form. Diese Gesichtsformen können bei der Auswahl Ihrer Brille helfen. Rund Eckig Herzförmig Oval Dabei lehnen wir uns an der Gesichtsform an, sie ist aber keinesfalls entscheidend. Mit einer Vorauswahl werde ich Sie davon überzeugen, dass die Lesehilfe zum Schmuckstück wird, das Ihnen auf &hellip; </p>
<p class="link-more"><a href="https://birnzain.at/farbberatung/?page_id=287" class="more-link"><span class="screen-reader-text">„Die richtige Brille muss nicht nur sitzen, sondern auch passen“</span> weiterlesen</a></p>
